- 2*x + 10. Suppose j = 3*p - 10*p. Is (p - -2)/(18/1179) a composite number?
False
Let i(q) = 4*q - 22. Let g be i(10). Is (2/3)/(g/7101) a prime number?
True
Let k be (-12)/30 + (-134)/(-10). Let r = k + -7. Let l(v) = v**3 - 4*v**2 + 4*v - 7. Is l(r) composite?
False
Let t be (-20)/(-30)*(0 + (-1341)/6). Let c be 548/(-7) + (-2)/(-7). Let i = c - t. Is i a prime number?
True
Let t(c) be the second derivative of 1/6*c**3 - 1/10*c**5 + 0 + 0*c**4 - 2*c + c**2. Is t(-3) a composite number?
False
Is (-19592)/(-14) - 3/7 a prime number?
True
Suppose 2 - 30 = -x. Let g = x + -28. Suppose 2*r = -3*i + 471, i - 144 = -g*r - 5*r. Is i a composite number?
True
Let x(y) be the second derivative of y**5/10 - 7*y**4/6 + 5*y**3/3 + 13*y**2/2 + 85*y. Let j(t) = -t**3 - 7*t**2 - 7*t + 3. Let w be j(-6). Is x(w) prime?
False
Suppose 0 = 94*r - 92*r - 994. Is r prime?
False
Let o = -9586 + 17493. Is o prime?
True
Let g(k) = -35178*k - 95. Is g(-3) composite?
True
Let x be (-2)/5*(9318 - -2). Let h = -2331 - x. Is h composite?
True
Let z(m) = m**3 + 31*m**2 - 14*m - 40. Let x be z(-18). Suppose x - 1178 = 2*y. Is y a composite number?
True
Let t(w) be the third derivative of 31*w**5/60 + w**3/6 - 7*w**2. Let z be t(4). Let c = -280 + z. Is c a prime number?
False
Let u(t) = t**2 + 18*t - 21. Let o be u(-19). Is 1*(-4 - -193 - o) a composite number?
False
Let f(m) = -m**2 - 14. Let x be f(0). Let p(b) = -29*b + 3. Is p(x) prime?
True
Let g = 8 + -6. Suppose -k = c - 1, -g*c + 1 + 1 = 3*k. Let t(b) = 149*b. Is t(c) a prime number?
True
Let n(k) = -18*k + 1. Let l be (-6)/(-14) - 32/(-56). Let o be 1/l - 12/4. Is n(o) a prime number?
True
Let q(k) = 206 - 443 + 214 + 78*k. Is q(9) prime?
False
Is (-127415)/(-10) + -2 + 21/6 a composite number?
False
Is -33*((-4825)/15 - 2) a composite number?
True
Suppose -f + 3*d = -61, -f - 24 = -d - 83. Let g = 249 - f. Is g a prime number?
True
Let a = -88 + 90. Let c(p) = 73*p**3 + 5*p**2 - 8*p - 1. Is c(a) prime?
True
Let n(l) = 5990*l**2 + 13*l + 12. Is n(-1) prime?
False
Suppose 0 = -5*r + 155 - 20. Let q = r + -25. Is ((-1)/q)/(5/(-310)) composite?
False
Suppose -m = -5*r - 156, 0*m - 5*r = -5*m + 680. Let p = -189 + 127. Let w = p + m. Is w a prime number?
False
Suppose -7038 = -s - 2177. Is s prime?
True
Let g be 0*((-2)/(-4))/(-1). Suppose 995 + 2101 = 6*i. Suppose 5*o = f - i, 4*f - 4*o - 2144 = -g*f. Is f composite?
False
Suppose 0 = 2*c + 2*a - 731 + 75, -337 = -c + 2*a. Suppose -9*v = -10*v + c. Is v a composite number?
False
Let z(w) be the second derivative of w**5/20 - w**4/2 - 11*w**3/6 + 17*w**2/2 + w. Is z(10) a prime number?
True
Let i(u) = u**2 + 5*u. Let q be i(-5). Is (6107/62)/(q + (-1)/(-26)) prime?
False
Suppose -2*f + 35 = c - 6*c, -4*c - f - 15 = 0. Let i(l) = -21*l + 10. Is i(c) a prime number?
False
Let c(u) = 117*u - 16. Is c(39) composite?
False
Let c = 109 - 70. Suppose d - 40 = c. Is d a composite number?
False
Let c = 78 + -80. Is 2376 + (-5 - (c - -2)) prime?
True
Suppose 20*m = 14*m + 30. Is 10/50 + 9724/m prime?
False
Let p(l) = 4144*l + 723. Is p(7) a prime number?
False
Let c = -2841 + 4127. Is 3/12 + (c/8 - 0) composite?
True
Suppose -2*u + 9*u - 2198 = 0. Let w = u + 131. Is w composite?
True
Suppose 0*o - 9*o = 5*o. Suppose 3*r - 5076 = 3*s, -4*s = -2*r - o*s + 3394. Is r composite?
True
Let f = 27818 - 19101. Is f composite?
True
Suppose 150 = -6*u + u. Is (-7416)/u - (-1)/(-5) a composite number?
True
Suppose 1127 - 28400 = -2*a + 3*o, 0 = 3*a - 4*o - 40911. Is a prime?
False
Suppose -4 = a - 3*b, 0*a - 2 = -3*a + 2*b. Let u be a/(-3)*4383/(-6). Let c = u - 332. Is c composite?
True
Suppose 0 = -r - 12 - 2. Let s = r - -13. Is (s - 0) + (0 - -146) a prime number?
False
Suppose 11*h - 6*h - 91960 = 5*l, -5*l + 55168 = 3*h. Is h composite?
True
Let y(w) = 3*w**2 - 2*w - 1. Suppose 6*b = b - 3*x - 2, -2*x + 4 = -2*b. Let h be y(b). Suppose -h*r + 525 + 1759 = 0. Is r a composite number?
False
Suppose 2*y - 5044 = -2*x, -x + 3001 = 4*y + 476. Is x a prime number?
True
Suppose -2*u = -6 - 0. Suppose -u*h = -6*h - 9. Is -59*h/(-12)*-4 a composite number?
False
Let y = 13 - 18. Let o(k) = -96*k - 1. Is o(y) composite?
False
Is 5*(7 - 1679/(-5)) a prime number?
False
Let d be (-1 + -3)/((-8)/8). Suppose -d*l - 4 + 36 = 0. Suppose -2*j + 4*j - l = 0, -2*h - j + 666 = 0. Is h composite?
False
Let k(p) be the third derivative of p**6/40 - p**4/12 - 13*p**3/6 - 22*p**2. Is k(6) composite?
True
Suppose 2*v + 3*u - 1 - 1 = 0, v - 8 = 2*u. Suppose -v*k + 10 = k. Suppose 5*w = 3*r - 9, 3*r - k = 2*w + 7. Is r a prime number?
True
Let u(b) = 4*b**3 + 2*b**2 + 3*b + 115. Let x(p) = -p**3 - p**2 - p. Let m(j) = u(j) + 3*x(j). Is m(0) a composite number?
True
Let f = 4295 + -1368. Is f prime?
True
Suppose -52*g - 70 = -54*g. Let y = -11 - 5. Let t = g + y. Is t prime?
True
Let b(n) = 2*n**2 - 10*n - 10. Let i be b(6). Suppose -3*y = 2*q - 3102 + 788, -5*q - i*y + 5785 = 0. Is q composite?
True
Is 81932/(-2)*((-19)/(-38) - 2) composite?
True
Suppose -4*x - 6*p = -2*p - 4676, 0 = 3*x + 4*p - 3506. Let j be (52/3)/(20/x). Suppose -761 = -3*q + 2*a, -2*a = -4*q - 0*q + j. Is q a prime number?
False
Let j(h) = -17*h - 20. Let q be j(6). Let i = 819 + q. Is i a prime number?
False
Suppose -14*g = -344932 + 127526. Is g a composite number?
True
Let r(h) = 4492*h + 1. Let i = -69 - -70. Is r(i) prime?
True
Let i = 8 + 1. Let x be (i/(-6))/3*-6. Is 6/(-24)*(-4164)/x prime?
True
Let b be -68*(-1 + 12/16). Is b*5 - (7 + -9 + 5) prime?
False
Let j(x) = -36*x - 85. Is j(-7) composite?
False
Suppose 1 = -z, 4*z + 19065 = 5*u - 25764. Suppose -5*j = -2*a - u, -a = -2*j + a + 3586. Is j a composite number?
True
Let a(k) = -k**3 + 7*k**2 - 3*k - 12. Let t be a(6). Let v(b) = 42*b**2 - 3*b - 13. Is v(t) prime?
True
Suppose -2*f - 30 = j, -2*f - 4*j - 12 = 24. Let y be 2*(2 - f/(-4)). Is 93 + -4 + (y - -3) a composite number?
False
Suppose 171 = 5*x + 2*a, -4*x + 5*a = -0*x - 150. Let m(q) = -21 + 12*q - 19 + x. Is m(11) prime?
True
Is -2 + -13913*1*(-4 + 3) a composite number?
True
Suppose -3*v = 5*o - 61405, 3*v + o = 21670 + 39727. Is v a composite number?
True
Let n = 37 - 18. Suppose 5*l + 4 - n = 0. Is (-118)/(l + -1 - 4) a prime number?
True
Let m = -4302 + 9143. Is m a composite number?
True
Suppose -6 = 3*w + 6. Let l be -2*(2 + 10/w). Suppose -4*x + 56 = 2*i - 6, i - l = 4*x. Is i composite?
True
Suppose t - 3 = -2. Let h be (t - 2) + 4 + -119. Is ((-50)/(-20))/((-2)/h) prime?
False
Suppose -3*u + 41 = 11. Is u - (4 - -3) - 1556/(-2) a composite number?
True
Let c = 22 + -16. Let y(a) = -a**3 + 5*a**2 + 4*a - 1. Let v be y(c). Let p = v + 110. Is p a composite number?
False
Is 337*4/(-16)*(1 - 5) composite?
False
Suppose -12*k + 9*k = -n + 592, -2313 = -4*n + k. Suppose -2*m + 792 = 2*y - 344, 4*y - n = -m. Is m a prime number?
False
Let x = 5 - 1. Suppose -2*r = -2*s - 1268, -1902 = -5*r + 2*r - x*s. Suppose 7*q = r + 31. Is q a composite number?
True
Suppose -2*t + 646 = 2*f + 3*f, 3*t - 4*f - 992 = 0. Let q = 813 - t. Suppose -2*w + q + 129 = 0. Is w a composite number?
False
Is (205604/(-42))/((-2)/3) a composite number?
True
Let j(a) = -2*a - 4. Let i be j(-4). Suppose 3*x + 2*v = -x + 2422, -i*v + 2416 = 4*x. Suppose -3*q + 2923 = 5*z, 0*z = -z + 5*q + x. Is z a prime number?
True
Suppose 2790 + 2493 = 3*u. Is u a composite number?
True
Let q(i) = 6 + 31*i - 5*i + 9*i + 4. Is q(5) composite?
True
Let n be (-5 + 3)*(6 - 4). Is ((-2)/n)/((-1)/(-586)) a prime number?
True
Let o = 21 + -15. Let y be (-14)/(-21) - (-8)/o. Suppose -2*i + 2*h + 110 = 0, -2*i - y*h + 208 = 2*i. Is i a prime number?
True
Let n = 8305 - -724. Is n a prime number?
True
Let v(y) = 31*y**2 + 15*y - 19. Suppose -13 = -5*n + 3*c + 23, -2*c = -6. Is v(n) a prime number?
False
Let m be 266/56 - (-6)/(-8). Is (2*(-26)/m)/((-42)/5334) composite?
True
Let r(w) = w**3 - 24*w**2 + 30*w - 33. Suppose 0 = 2*q + h - 0 - 56, -5*q - 2*h = -140. Is r(q) a prime number?
True
Let w = -336 + 1899. Is w composite?
True
Let g(v) be the second derivative of 3*v**5/40 - 7*v**4/24 - 3*v**3/2 - 4*v. Let w(u) be the second derivative of g(u). Is w(5) a prime number?
False
Suppose -6*l + l + 20 = 0. Suppose 0 = o + 6*w - 5*w - 3, -2*w + l = o. Suppose 68